6*p + 6. What is x(-8)?
22
Let i(c) = 10*c + 6. What is i(-7)?
-64
Let r(c) = -6*c**2 - 2*c - 1. Calculate r(2).
-29
Let u(x) = -8*x + 27. Give u(7).
-29
Let h(d) = -d**3 - 6*d**2 + 29*d + 3. Give h(-9).
-15
Let n(x) = 3*x + 7. Calculate n(-8).
-17
Let l(c) = -c**2 + 5. Give l(-4).
-11
Let h(l) = -4*l + 15. Give h(4).
-1
Let n(h) = -151*h - 1364. Calculate n(-9).
-5
Let b(v) = v**3 + 3*v**2 - 8*v + 5. Give b(-5).
-5
Let y(o) = o**2 + 13*o - 26. What is y(-18)?
64
Let p(m) = m + 14. Give p(-16).
-2
Let d(b) = -b**2 - 6*b - 1. Give d(-5).
4
Let o(i) = -i**2 - 9*i - 2. Calculate o(-9).
-2
Let j(s) = s**3 - 10*s**2 - 13*s + 19. Give j(11).
-3
Let k(i) = 15*i - 43. Calculate k(3).
2
Let t(a) = -4*a**3 + 3*a**2 + 4*a + 2. Calculate t(-2).
38
Let v(p) = 2*p**2 + 14*p - 11. Determine v(-8).
5
Let s(w) = 47*w**2 - w + 1. Calculate s(1).
47
Let c(j) = -j**2 - 8*j + 1. What is c(-9)?
-8
Let s(x) = -10*x + 29. Calculate s(3).
-1
Let v(x) = x - 22. What is v(6)?
-16
Let a(z) = -14*z - 35. What is a(-2)?
-7
Let h(v) = -v**2 + 3*v - 4. Give h(4).
-8
Let b(c) = -2*c**2 + 3*c. What is b(2)?
-2
Let s(n) = n**3 + n**2 - n + 8. Calculate s(0).
8
Let k(s) = s**3 - 2*s**2 - 8*s + 3. What is k(4)?
3
Let n(u) = -5*u + 22. What is n(8)?
-18
Let u(o) = o**2 + 2*o - 32. Give u(-5).
-17
Let t(f) = f**3 + 8*f**2 - 9*f + 9. Calculate t(-9).
9
Let t(x) = x**3 + 6*x**2 - 6*x + 10. Determine t(-7).
3
Let s(z) = -z**2 - 7*z + 13. What is s(-9)?
-5
Let d(n) = 6*n + 5. What is d(-2)?
-7
Let i(m) = m**2 + 2*m + 16. Determine i(0).
16
Let a(u) = -u**3 - 18*u**2 + 22*u + 32. Give a(-19).
-25
Let u(i) = -2*i**2 + 16*i - 8. Determine u(7).
6
Let u(c) = 4*c**2 + 78*c - 28. Determine u(-20).
12
Let t(w) = w**2 - w - 7. Calculate t(3).
-1
Let p(c) = -c**3 - 7*c**2 - 6*c - 7. What is p(-6)?
-7
Let b(i) = -i**2 - 31*i - 124. Determine b(-26).
6
Let d(s) = s**3 - 4*s**2 + 3*s - 3. Calculate d(3).
-3
Let p(a) = a**3 + 4*a**2 - 4*a - 15. Give p(-5).
-20
Let v(q) = 16*q - 1. Determine v(2).
31
Let z(h) = -h**2 - h + 7. What is z(0)?
7
Let p(a) = a**3 + 27*a**2 - 7*a + 9. Calculate p(-27).
198
Let q(j) = j**2 + 7*j + 1. Give q(-2).
-9
Let u(s) = 2*s**2 - 49*s - 21. Calculate u(25).
4
Let z(f) = -11*f**2 - f + 1. Give z(1).
-11
Let j(l) = l**2 - 4*l - 74. Give j(11).
3
Let h(q) = q**2 - 18*q + 55. What is h(15)?
10
Let x(j) = 2*j + 29. What is x(-15)?
-1
Let c(x) = x**3 + 8*x**2 + 3*x - 15. Calculate c(-8).
-39
Let r(c) = -c**2 - 5*c - 1. Determine r(-6).
-7
Let i(b) = 2*b + 9. Determine i(-3).
3
Let c(x) = -4*x + 16. What is c(6)?
-8
Let z(x) = 2*x**2 - 43*x + 150. Calculate z(17).
-3
Let a(r) = -10*r**2 - r. Calculate a(-1).
-9
Let b(y) = y**2 - 7*y + 12. Calculate b(4).
0
Let k(a) = 2*a - 27. Calculate k(16).
5
Let r(w) = 2*w**3 - 4*w**2 - 18*w + 48. Determine r(2).
12
Let a(j) = -25*j - 16. Determine a(1).
-41
Let g(o) = o**3 - 8*o**2 - 8*o + 7. Calculate g(9).
16
Let t(b) = -9*b**2 - 2. Give t(0).
-2
Let a(z) = z**3 - 34*z**2 + 29*z + 122. What is a(33)?
-10
Let p(m) = -164*m - 169. Calculate p(-1).
-5
Let r(q) = 2*q + 3. Give r(-9).
-15
Let v(z) = -z**2 - 3*z - 6. What is v(-5)?
-16
Let y(u) = -u**3 - 13*u**2 - 32*u - 25. Determine y(-10).
-5
Let p(x) = x + 3. Give p(3).
6
Let b(a) = -a**2 + 10*a + 87. What is b(16)?
-9
Let o(t) = -17*t**3 - t**2 - 4*t + 4. Calculate o(1).
-18
Let b(j) = j**2 + 12*j - 15. Calculate b(-7).
-50
Let l(u) = -2*u - 3. Give l(-5).
7
Let d(r) = 8*r - 34. Calculate d(0).
-34
Let g(m) = m - 25. What is g(6)?
-19
Let j(w) = w**3 + 24*w**2 - 29*w - 23. Calculate j(-25).
77
Let m(f) = -2*f + 3. Calculate m(1).
1
Let w(k) = -k - 6. Give w(-5).
-1
Let i(w) = -13*w + 8. What is i(2)?
-18
Let m(u) = u**3 + 5*u**2 - 2*u - 23. Determine m(-7).
-107
Let y(t) = -7*t**3 - t**2 - 3*t - 3. What is y(-1)?
6
Let j(k) = -2*k**2 - 9*k - 20. Calculate j(-2).
-10
Let u(l) = l**3 + 6*l**2 + l + 4. Give u(-6).
-2
Let f(c) = -2*c + 64. Calculate f(9).
46
Let n(w) = -w**3 - 34*w**2 + 34*w - 46. Calculate n(-35).
-11
Let d(i) = i**3 - 5*i**2 - 27*i + 113. Calculate d(4).
-11
Let u(p) = 24*p + 95. What is u(-5)?
-25
Let n(d) = 6*d**2 - 6*d - 7. What is n(-2)?
29
Let a(n) = 9*n - 33. What is a(16)?
111
Let x(m) = m**3 + 7*m**2 - 2*m - 10. Calculate x(-7).
4
Let d(c) = 7*c**2 - 55*c. What is d(8)?
8
Let c(k) = k**3 - k + 4. Determine c(0).
4
Let a(q) = -2*q**2 + 11*q + 78. What is a(-4)?
2
Let v(j) = j**3 + 19*j**2 + 34*j + 3. Determine v(-17).
3
Let c(d) = d**2 - 5*d + 2. What is c(8)?
26
Let r(q) = -q**3 - 25*q**2 + 34*q + 203. Give r(-26).
-5
Let f(p) = 39*p**2 + p. Give f(1).
40
Let n(s) = s**2 - 23. Determine n(4).
-7
Let n(a) = a**2 + 10*a + 30. What is n(-5)?
5
Let n(b) = 11*b - 46. What is n(3)?
-13
Let x(m) = -47*m + 138. Determine x(3).
-3
Let h(q) = q**3 - q + 5. Calculate h(3).
29
Let t(y) = -y**3 + 18*y**2 - 30*y - 23. Calculate t(16).
9
Let r(v) = -31*v**3 - 2*v + 1. Give r(1).
-32
Let b(g) = 2*g**2 + 35*g - 45. Determine b(-19).
12
Let p(g) = -g**3 - 26*g**2 - 29*g - 87. What is p(-25)?
13
Let d(g) = g**2 - 11*g + 52. What is d(5)?
22
Let i(z) = -24*z + 447. What is i(18)?
15
Let w(b) = -b + 7. Give w(3).
4
Let b(s) = -s**3 + 8*s**2 - 15*s + 9. What is b(6)?
-9
Let z(h) = h**2 + 11*h + 10. What is z(-10)?
0
Let c(x) = 2*x**2 - 4*x. What is c(6)?
48
Let u(f) = 6*f - 3. What is u(-4)?
-27
Let r(g) = -3*g + 21. What is r(6)?
3
Let y(x) = 2*x**2 - 5*x + 5. Determine y(2).
3
Let w(r) = -8*r + 5. Determine w(4).
-27
Let p(j) = -j**3 - 11*j**2 + 9*j - 2. Give p(-12).
34
Let v(z) = -z**3 - 6*z**2 + 2*z + 12. Give v(-6).
0
Let l(m) = 2*m**2 + 6*m - 5. What is l(1)?
3
Let b(y) = y**3 + 11*y**2 + 25*y - 20. Calculate b(-7).
1
Let u(h) = -h**2 - 3*h + 19. Determine u(-6).
1
Let w(q) = -q**3 + 21*q**2 + 25*q - 73. Determine w(22).
-7
Let j(s) = -s**3 + 18*s**2 + 2*s - 30. Determine j(18).
6
Let z(v) = -v**3 - v**2 + 4*v - 15. Calculate z(0).
-15
Let s(i) = -i + 2. Give s(-5).
7
Let p(n) = -4*n - 12. Give p(-8).
20
Let s(d) = -3*d - 31. Calculate s(-13).
8
Let x(y) = 14*y + 675. Give x(-47).
17
Let i(c) = -c**3 + 7*c**2 + 8*c - 17. Give i(8).
-17
Let n(a) = a**3 - 12*a**2 + 11*a + 8. Calculate n(11).
8
Let d(k) = 2*k - 12. What is d(-3)?
-18
Let t(i) = -6*i - 1. Calculate t(5).
-31
Let o(f) = 4*f**2 + 15*f - 34. Calculate o(-8).
102
Let w(d) = -63*d - 10. Calculate w(-2).
116
Let g(m) = -m + 11. Give g(9).
2
Let g(q) = -27*q - 41. Give g(-1).
-14
Let u(o) = o**2 + 2*o - 12. Calculate u(-6).
12
Let r(i) = i**3 - 7*i**2 + 8*i + 10. What is r(5)?
0
Let f(x) = 9*x + 24. Determine f(-3).
-3
Let b(t) = 3*t - 74. Calculate b(26).
4
Let i(u) = 2*u**2 - 40*u + 41. Determine i(19).
3
Let k(s) = -s + 6. Determine k(0).
6
Let r(a) = -12*a - 27. Determine r(-11).
105
Let c(t) = 4*t**3 + 2*t + 1. Calculate c(-1).
-5
Let u(c) = -c + 1. What is u(2)?
-1
Let j(g) = -6*g + 1. Determine j(-3).
19
Let h(j) = -j**2 - 49*j - 333. Determine h(-41).
-5
Let z(c) = -13*c - 130. Determine z(-10).
0
Let r(x) = 2*x**2 + 39*x + 28. Determine r(-17).
-57
Let p(h) = -2*h**2 + 9*h - 19. What is p(6)?
-37
Let n(y) = -y**3 - 12*y**2 - 9*y + 19. Give n(-11).
-3
Let q(h) = -3*h - 12. Give q(11).
-45
Let n(c) = -9*c + 254. Calculate n(28).
2
Let g(l) = -2*l + 11. Give g(6).
-1
Let b(y) = -y**2 - 20*y + 437. Determine b(-33).
8
Let w(y) = -y**2 - 3*y + 7. What is w(-5)?
-3
Let p(r) = r**3 - 4*r**2 - 10*r - 18. What is p(6)?
-6
Let q(z) = 2*z**3 + 24*z**2 + z + 8. What is q(-12)?
-4
Let y(b) = -8*b**2 + 63*b + 11. Calculate y(8).
3
Let f(x) = x - 4. Give f(3).
-1
Let s(j) = -j**3 - 6*j**2 - 6. Determine s(-5).
-31
Let q(x) = -x**2 + 14*x - 38. Determine q(11).
-5
Let i(r) = r**2 + 11*r - 12. What is i(-12)?
0
Let y(k) = 11*k + 8. Give y(-4).
-36
Let u(y) = -2*y**2 + 14*y - 4. Give u(6).
8
Let f(u) = 5*u + 96. Determine f(-18).
6
Let n(b) = -17*b - 26. Determine n(-1).
-9
Let r(k) = -7*k**3 + k**2. Determine r(-1).
8
Let f(i) = -i**2 - 9*i + 20. Calculate f(-9).
20
Let u(x) = -x**2 + 19*x + 39. What is u(21)?
-3
Let p(i) = i**3 + i**2 + i + 1. Calculate p(-2).
-5
Let i(j) = -7*j + 7. What is i(7)?
-42
Let x(y) = y**2 - 2. What is x(-5)?
23
Let v(z) = 7*z + 21. Determine v(19).
154
Let s(x) = x**3 - 7*x**2 + 2*x + 28. Determine s(6).
4
Let m(a) = -a**3 + 7*a**2 + a - 8. Determine m(7).
-1
Let u(y) = -y**3 + 25*y**2 + y + 5. De